(a) = -a**3 - a**2 - a - 14. Let r be 60/450 + (0 - (-4)/(-30)). Determine p(r).
-14
Let w(k) = -4*k**2 + 5*k - 10. Let r(i) = 5*i**2 - 7*i + 14. Let g(x) = 5*r(x) + 7*w(x). Calculate g(-2).
-12
Let d(a) be the third derivative of a**6/120 - 7*a**5/30 - 7*a**4/12 - 7*a**3/2 - 92*a**2. Determine d(15).
-6
Let p(x) = 1 - 11 + 39*x - 40*x - 1. Calculate p(-6).
-5
Let t(d) = d**2 - 6*d + 1. Let p = -40 + 46. Suppose -y - o - 18 = -4*y, 0 = -2*o - p. What is t(y)?
-4
Suppose g - 56 = -53. Let x(b) = -1 + 3*b + 3*b**2 + 3*b**2 - 3. Let q(s) = -12*s**2 - 5*s + 7. Let v(k) = g*q(k) + 5*x(k). Determine v(1).
-5
Let d be 11/(33/18) - 2. Let f(b) = -2*b - 6*b - 2 + b**2 + 3*b + d*b. Let o = 4 + -2. Determine f(o).
0
Let n(i) = i**2 - 5*i + 3. Let h(z) = 6*z**2 - 2. Let c(f) = f**2 + f - 1. Let a(v) = 5*c(v) - h(v). Let l(k) = 6*a(k) + 7*n(k). Give l(6).
9
Let d(o) = -o**2 - 12*o - 21. Let a(p) = -62*p + 362. Let v be a(6). Give d(v).
-1
Suppose -3*w - 2*w + 12 = -3*m, 3*m = w - 12. Let b(q) = 4*q**2 - q - 1. Let x be b(-1). Let d(h) = -x*h + h + 2*h. What is d(m)?
4
Suppose 2*f = -0*f - r - 5, -3*r - 15 = -2*f. Let d(b) = 3*b + 2. Determine d(f).
2
Let d(a) = -a**2 - 4*a - 2. Let x(c) be the third derivative of -c**6/120 - 7*c**5/60 - 11*c**4/24 - c**3/6 + 34*c**2. Let y be x(-3). Calculate d(y).
-2
Let h be (-13)/(-65) - 2/10. Suppose 2*m + 1 - 3 = h. Let s(a) = -3*a**2 - a - 7. Let y(c) = -c**2 - 2. Let t(f) = 2*s(f) - 7*y(f). What is t(m)?
-1
Let m be (2/(-4))/(2/(-20)). Suppose d = -y + m*y + 13, -2*d + 5 = -y. Let c(w) = -1 + 1 - 2*w - 1. Determine c(d).
-3
Let i be 2/(-7) - 128/(-56). Let a(q) = 8*q - q**i - 2*q + 2*q - 11*q. What is a(-5)?
-10
Let u(q) = q**3 - 5*q**2 - 5*q - 3. Suppose 0 = -2*x - 2*a + 8, -4*x = -0*a - 3*a - 30. Let n be u(x). Let k(o) = -3*o + 10*o + n*o. Determine k(1).
10
Let y = 17 - -2. Let g(i) = -26 - y - i - 23 + 66. Suppose -17 - 1 = -3*d + j, 0 = -3*j. Calculate g(d).
-8
Let k(z) = -1427 - 5*z**2 + 2871 - 8*z - 2*z**2 - 1437 + 2*z + z**3. Give k(8).
23
Suppose -4*s + 6 = -3*s + 4*l, -s - 2*l = -4. Let j(a) = -a**2 - 2*a + 1. Let g(t) = t**2 + 2*t. Let i(m) = s*g(m) + 3*j(m). Determine i(-3).
0
Let o(f) = 3*f**3 - 5*f**2 + 4*f. Let w be (12/10)/((-14)/(-35)). Give o(w).
48
Let n(k) = -k**2 - 5*k. Let r be n(-4). Let v(j) = -j**2 + 6*j + 2. Let l be v(r). Let z(h) = h**2 + 10 - 11 + l*h - 5*h. Determine z(-5).
-1
Let k(i) = 6*i**3 + 13*i**2 - 28*i**2 + i - 1 + 14*i**2. Give k(1).
5
Suppose 30 = -5*z + 4*g + 122, -5*z + 68 = 4*g. Let j(o) = -o + 13. What is j(z)?
-3
Let j(f) = -3 - 1 - 6 - 3*f. Let h(t) = -5*t - 19. Let z(r) = -4*h(r) + 7*j(r). What is z(4)?
2
Let u(s) = 31*s**2 + 67*s + 41. Let f(a) = -14*a**2 - 32*a - 20. Let n(z) = 9*f(z) + 4*u(z). Determine n(-9).
2
Let g(s) = s**3 - s + 1. Suppose 2*w - 47 = -15. Let n be 33/(-2) - (-1)/2. Let t = w + n. Give g(t).
1
Let h(u) = u + 10. Let x be 5*((-4)/2)/((-22)/11). What is h(x)?
15
Let y(m) = -m + 2. Suppose 3*f + 63 = 4*j, 0*f = -3*f - 3. Let t be 66/j - 3/(-5). What is y(t)?
-3
Suppose 0 = -25*o + 2 + 73. Let w(v) = -v**3 + 2*v**2 - v + 4. Calculate w(o).
-8
Let k(h) = h**3 + 5*h**2 + 1. Let p(d) = -d**3 - 10*d**2 - 17*d + 2. Let z be p(-7). Let n = 21 + z. Calculate k(n).
1
Suppose -9*d = -d + 8. Suppose -5*v = -3 - 12. Let x(g) = -g - 5*g**3 + 2*g**v + 1 + 3*g. Give x(d).
2
Let t(m) = m**3 + 7*m**2 - 8*m - 2. Let s be t(-8). Let d(i) be the first derivative of 3*i + 3/2*i**2 - 20. Determine d(s).
-3
Let m(i) = i**3 + 6*i**2 - 4*i + 9. Let f(n) = -81*n - 7. Let y be f(0). What is m(y)?
-12
Let v(q) = 6*q**2 + 43*q + 29. Let b(f) = 13*f**2 + 87*f + 62. Let m(h) = -4*b(h) + 9*v(h). What is m(-19)?
-6
Let r = -60 - -58. Let d be 12/24*(r + 0). Let x(g) = -3*g**3 + 2*g + 1. What is x(d)?
2
Let h(t) = t - 2. Let c(s) = -s + 1. Let v(b) = c(b) - h(b). Let p(n) = 2*n - 2. Let l be p(5). Suppose -l*q - 4 = -7*q. Give v(q).
11
Let d = 48 - 45. Suppose -2*q - 23 = -q - 4*j, d*q + j = -4. Let c(p) = p**2. Determine c(q).
9
Let i be (-3)/(-6) - 17/(-2). Suppose 14 - i = b. Let a(o) be the second derivative of -o**5/20 + o**4/2 - o**3 - o**2 + 8*o. Calculate a(b).
-7
Let n(d) = -6*d - 26. Let j(x) = -x - 5. Let g(f) = 11*j(f) - 2*n(f). Let s = -43 - -78. Let h = -41 + s. Give g(h).
-9
Let x(t) = 2*t**3 + 2*t**2 - t. Suppose 0 + 11 = -g - 3*r, r = -5*g + 1. What is x(g)?
3
Let i be (-10)/14 - (-8)/196*-7. Let c(y) = 13*y**2 + 2*y + 1. Determine c(i).
12
Let v(h) = h**3 - 28*h**2 - 29*h + 5. Let o be v(29). Let g(b) = 7*b**2 + 3*b**2 + 10*b - o - b**2 + 2*b**3 - 3*b**3. Give g(10).
-5
Suppose 0 = -3*k + 26 + 28. Suppose 4*h + 2 = k. Suppose -51 = 5*a - 4*x, -4*x + 12 = -h. Let j(i) = i**2 + 7*i + 7. What is j(a)?
7
Let l(f) = -3*f**2 + 2*f + 1. Suppose -p = 3*p + 4*i - 40, -5*p + 42 = 3*i. Let c(y) = 2*y**2 - 15*y + 20. Let s be c(p). Calculate l(s).
-7
Let s(y) = 3*y - 3. Suppose -5*v = 11 - 1. Let t(q) = 4*q - 2. Let a(j) = v*t(j) + 3*s(j). Let l(z) = -z**2 + 14*z - 33. Let o be l(10). Calculate a(o).
2
Suppose 0 = d - 10 + 5. Let f(t) = -t - 3 - 1 + d. Let r = -6 - -6. Calculate f(r).
1
Let y = 0 - -4. Suppose y*a = -4*o, 5*o = a - 4*a + 10. Let x(j) = -j + 7. Calculate x(a).
12
Suppose -3*i - 54 + 30 = 0. Let x(z) = -6*z - 4 - z**2 - 5 - 3*z + 0*z. Give x(i).
-1
Let a(x) be the second derivative of -x**8/560 + 11*x**4/12 - 15*x. Let m(o) be the third derivative of a(o). Give m(1).
-12
Let m(o) = 1838*o**2 - 5*o - 6. Let c be m(-1). Let i(s) = 5*s - c + 5*s + s**2 + 1836. Calculate i(-10).
-1
Let r(s) = 2*s + 8. Let y(i) = -i**2 + 0 + 4 - 2*i - 5*i - 10. Let w be y(-7). Calculate r(w).
-4
Let q be 8/(-14)*-2*(-28)/(-16). Let n(v) = 5*v**2 - 1612 - v**3 + 1608 + 0*v**q. Give n(4).
12
Let l(j) = -j**3 + 6*j**2 + j - 1. Let r be l(6). Let q = 6 - r. Let b(u) = 0*u + 6*u**2 + 0*u**2 + u - 2*u. What is b(q)?
5
Let p(x) = 2*x**2 - 6*x + 7. Suppose o - 7*o + 204 = 0. Let n = o + -31. Let g be p(n). Let t(m) = m - 9. What is t(g)?
-2
Let i(h) = -4*h + 7. Let z(y) = 3*y - 8. Let b(v) = -2*i(v) - 3*z(v). Determine b(7).
3
Let t(x) = 2*x + 3. Suppose 3*j + 2*j - 30 = -i, 2*i - 4*j = -10. Calculate t(i).
13
Suppose b - 13 = 5*x, b = -4*x + 6 - 20. Let j(q) = -4*q + 2. Determine j(x).
14
Let l = 17 + -12. Let b = -21 + 21. Let i(u) = u - l - u**2 + 4 + b*u + u. What is i(-2)?
-9
Let w(v) = -2*v**2 + 97*v + 140. Let n be w(50). Let p(q) = 6*q + 23. Determine p(n).
-37
Let o(w) = -1592*w + 1 + 1594*w - 2. Calculate o(1).
1
Suppose -3*d = b + 2, 3*d = -5*b - d + 12. Let p(r) = r + 2. Give p(b).
6
Let c(z) be the first derivative of 2*z**2 - 23*z + 46. Give c(7).
5
Let j be ((-39)/6 + -1)*(-112)/(-140). Let z(o) = -o**3 - 7*o**2 - 5*o + 14. Give z(j).
8
Let i(x) be the first derivative of -11*x**2/2 + 1. Suppose -5*t - 13 = -2*z + 5, 5*t + 2 = -2*z. What is i(t)?
22
Let l(j) = -38*j**2 + 74*j**2 + 1 + 3 - 22*j - 37*j**2 + 36*j. Give l(14).
4
Let t(g) = -6*g + 1. Let x(i) = 8*i + 29. Let w(h) = h + 1. Let k(m) = -3*w(m) + x(m). Let r be k(-5). Give t(r).
-5
Let y(x) = 2 + 6*x + 8*x**2 - 10*x - 5*x - x**3 + 8*x. Let o(n) = 2*n**2 - 2*n - 4. Let t be o(3). Give y(t).
-6
Suppose r = 5*j + 1, 3*r + 4*j = r + 30. Let b(d) = 19 - 11 - r - d. Suppose h + 3*f - 3 = -4, 24 = 4*h - 2*f. What is b(h)?
-8
Let x(u) be the first derivative of -u**4/24 + 4*u**3/3 - 5*u**2 - 2. Let r(t) be the second derivative of x(t). What is r(6)?
2
Let k(p) = -p**2 + 5*p + 2. Let d(v) = 2*v - 7. Let m be d(4). Suppose o + 3*r = -12, -5*o + m + 4 = 2*r. Give k(o).
8
Let a be ((-4)/16)/((-2)/8)*3. Let r(g) = 24*g - 70. Calculate r(a).
2
Let t(u) = 2*u**3 + 4*u - 6. Let a(h) = 6*h**3 + h**2 + 11*h - 17. Let j(n) = -4*a(n) + 11*t(n). Let b be 3/(81/(-6)) + 575/(-207). Give j(b).
20
Let j = 9 - -2. Suppose -2*v - 20 = -4*s, 0 = 2*s - 2*v - j + 1. Let u(i) = -2 - 14*i - 8*i + 17*i - s*i**2 - i**3. What is u(-3)?
-5
Let l(t) = -6 - 7449*t**3 + 18*t**2 + 16*t + 7450*t**3 - 19. What is l(-17)?
-8
Let k(f) = 4 + f**2 - f - 6*f + 0*f**2. Let h(v) = v + 1. Suppose 0 = -3*q + 1 + 8, -j = 4*q - 17. Let s be h(j). Determine k(s).
-2
Suppose -25*f = -23 - 52. Suppose f*m + 21 = 2*c, -m + 2*m + 3*c + 7 = 0. Let d(i) = -5*i - 3 - i**2 - 6 - 2*i. What is d(m)?
-9
Suppose 21*m - 136 = 32. Let t(s) be the second derivative of 0 + 1/2*s*